(25).
57
Let u(o) = -3*o**2 - 40*o - 86. Give u(-8).
42
Let v(z) = 48*z + 694. Give v(-14).
22
Let h(i) = 3*i**2 + 40*i - 321. Determine h(6).
27
Let n(d) = d**3 + 6*d**2 - 7*d - 20. What is n(-6)?
22
Let c(r) = 4*r**3 + 3*r**2 + 11*r + 13. Calculate c(-2).
-29
Let u(v) = v**2 - 743*v - 3722. Calculate u(-5).
18
Let u(l) = -l**3 - 7*l**2 + 10*l + 10. What is u(4)?
-126
Let x(m) = m**2 - 310*m - 1602. Give x(-5).
-27
Let r(s) = -s**3 + 10*s**2 + 56*s - 375. Determine r(12).
9
Let z(h) = 13*h + 126. What is z(-17)?
-95
Let k(w) = 2*w**2 + 182*w + 3550. Give k(-28).
22
Let x(j) = -4*j**2 + 61*j - 5. Give x(8).
227
Let v(q) = -221*q + 20373. Give v(92).
41
Let h(g) = 211*g**3 + 2*g**2 + g. Give h(-1).
-210
Let r(s) = s**2 - 3*s - 87. Determine r(11).
1
Let d(t) = 2311*t - 11544. What is d(5)?
11
Let n(b) = -b**2 - 30*b - 163. Determine n(-20).
37
Let l(b) = 2*b**3 - 21*b**2 - 12*b + 13. Determine l(11).
2
Let d(t) = t**3 - 34*t**2 + 204*t + 43. Calculate d(8).
11
Let q(z) = -z**2 + z + 257. Calculate q(17).
-15
Let z(n) = n**3 - 10*n**2 + 8*n - 40. Calculate z(9).
-49
Let q(d) = -82*d - 823. Calculate q(-10).
-3
Let n(d) = -d**2 - 8*d - 71. Determine n(-5).
-56
Let s(m) = -m**3 + 38*m**2 - 195*m. Calculate s(6).
-18
Let m(r) = -2*r**2 - 5658*r + 183108. What is m(32)?
4
Let k(c) = -2*c**3 - 6*c**2 + 28*c - 4. Give k(3).
-28
Let v(s) = s**3 + 30*s**2 + 217*s - 4. Calculate v(-17).
64
Let k(f) = -25*f - 36. What is k(-3)?
39
Let c(h) = -h**3 - 32*h**2 + 118*h - 27. Calculate c(-35).
-482
Let w(j) = 21*j + 866. Give w(-41).
5
Let b(u) = -2*u**3 + 65*u**2 + 34*u - 80. What is b(33)?
-47
Let a(m) = -134*m - 688. What is a(-5)?
-18
Let l(v) = -709*v - 4267. Give l(-6).
-13
Let m(p) = -2*p**3 - 17*p**2 - 48*p - 169. Give m(-7).
20
Let m(b) = 302*b**2 + 59*b + 112. Give m(-2).
1202
Let j(x) = 4977*x - 59745. Calculate j(12).
-21
Let y(a) = -301*a + 13. Calculate y(-1).
314
Let j(w) = 142*w - 711. Determine j(5).
-1
Let o(d) = -2*d**2 + 32*d - 118. Determine o(8).
10
Let g(l) = l**3 - 25*l**2 - 188*l - 5. Give g(-6).
7
Let r(w) = 23*w**2 + 3*w + 45. What is r(0)?
45
Let w(z) = z**3 - 3*z**2 - 120*z + 69. Calculate w(11).
-283
Let c(z) = -133*z + 4662. Calculate c(35).
7
Let a(p) = 54*p + 150. Give a(-4).
-66
Let b(f) = 2*f**2 + 43*f - 36. Calculate b(-19).
-131
Let q(s) = -s**3 + 10*s**2 - 19*s + 92. Calculate q(9).
2
Let s(f) = 3*f**2 - 24*f - 12. Calculate s(7).
-33
Let b(z) = -2*z**2 + 431*z - 640. What is b(214)?
2
Let q(o) = -35*o**2 - 1470*o + 3. What is q(-42)?
3
Let j(u) = -6*u**2 + 299*u - 260. Give j(49).
-15
Let p(c) = 14*c**3 + 645*c**2 + 50*c + 183. Determine p(-46).
-1
Let f(z) = -86*z - 57. Give f(-4).
287
Let h(d) = -19*d**3 - 205*d**2 + 50*d - 10. What is h(-11)?
-76
Let f(r) = 333*r + 8002. Determine f(-24).
10
Let b(i) = -7*i**2 - 4*i + 31. Give b(2).
-5
Let n(j) = -169*j + 684. What is n(4)?
8
Let k(f) = f**2 - 148*f - 3294. Calculate k(-20).
66
Let m(j) = 17*j**2 - 38*j - 29. Calculate m(3).
10
Let j(g) = -g**2 - 125*g + 13909. Calculate j(-196).
-7
Let h(l) = l**3 - 208*l**2 + 7106*l - 1818. Calculate h(165).
-3
Let w(c) = -c**2 + 65*c + 506. What is w(72)?
2
Let l(m) = 2*m**2 - 29*m + 38. Calculate l(2).
-12
Let o(f) = 163*f + 684. What is o(-5)?
-131
Let j(p) = 26*p - 1253. Give j(49).
21
Let m(z) = 1014*z + 7174. What is m(-7)?
76
Let w(t) = t**3 + 69*t**2 - 4*t - 272. Give w(-69).
4
Let p(k) = -k**2 + 23*k - 28. Calculate p(15).
92
Let l(z) = 3*z + 119. What is l(3)?
128
Let i(g) = 40*g + 6056. Calculate i(-151).
16
Let s(q) = -881*q - 2616. Determine s(-3).
27
Let r(j) = -488*j + 1440. Give r(3).
-24
Let q(c) = -10*c**2 + 316*c - 12. Calculate q(32).
-140
Let t(l) = -1027*l - 17483. Determine t(-17).
-24
Let k(r) = -r**2 + 44*r - 519. Determine k(24).
-39
Let n(r) = -2*r**3 - 15*r**2 + 55*r + 428. Calculate n(-7).
-6
Let o(t) = -t**2 - 15*t - 6. Calculate o(-20).
-106
Let b(t) = 2*t**3 - 10*t**2 - 1440*t + 7221. Give b(5).
21
Let m(d) = d**2 - 35*d - 2662. Calculate m(-37).
2
Let s(z) = 37*z**2 - 886*z - 99. Calculate s(24).
-51
Let y(k) = -229*k - 2068. Calculate y(-9).
-7
Let j(o) = -o**3 - 11*o**2 - 21*o - 3. Give j(-7).
-52
Let j(y) = 5*y**3 + y**2 - 5*y + 5. Determine j(3).
134
Let c(l) = -l**3 - 46*l**2 - 171*l - 146. Determine c(-42).
-20
Let v(z) = 20*z**3 - 479*z**2 - 21*z - 78. Give v(24).
-6
Let g(w) = -w**2 + 12576*w + 17. What is g(0)?
17
Let k(v) = -v**3 + 10*v**2 + 31*v - 11. Give k(12).
73
Let i(n) = -205*n + 1041. Give i(5).
16
Let u(h) = 2*h**3 - 55*h**2 + 115*h + 281. Calculate u(25).
31
Let h(o) = -o**3 - 9*o**2 + 92*o - 21. What is h(-15)?
-51
Let g(h) = -1234*h + 9789. Determine g(8).
-83
Let w(b) = -b**2 + 569*b - 7783. Give w(14).
-13
Let z(y) = -6*y**3 - 4*y**2 + 28*y - 28. What is z(1)?
-10
Let j(i) = i**3 - 10*i**2 - 683*i + 490. Calculate j(-22).
28
Let f(z) = 14*z**2 - 89*z - 55. What is f(7)?
8
Let k(a) = -19*a - 442. Determine k(-22).
-24
Let t(j) = 6*j**3 + 107*j**2 + 86*j + 8. Determine t(-17).
-9
Let j(i) = -i**2 - 694*i - 2752. Give j(-4).
8
Let m(z) = -z**2 + 67*z - 575. Determine m(10).
-5
Let x(n) = n**3 + 19*n**2 + 40*n - 18. Give x(-3).
6
Let s(a) = -7*a**2 + 654*a + 401. Determine s(94).
25
Let j(d) = d**2 - 25*d - 658. Give j(42).
56
Let y(s) = -653*s + 1270. What is y(2)?
-36
Let u(g) = -33*g - 184. Calculate u(-13).
245
Let b(v) = -v**3 + 3*v**2 - 10*v + 58. Determine b(4).
2
Let f(p) = 199*p - 5977. Give f(30).
-7
Let o(n) = n**2 - 465*n - 10726. Give o(-22).
-12
Let n(p) = 24*p**2 - 447*p + 2081. Determine n(9).
2
Let t(p) = -2*p**2 + 23*p + 4. What is t(16)?
-140
Let n(d) = 6*d**2 + 66*d - 2. Give n(-11).
-2
Let l(v) = -v**3 + 94*v**2 - 359*v - 218. What is l(90)?
-128
Let r(u) = u**2 + 4*u - 533. Calculate r(-26).
39
Let n(y) = 1385*y + 26305. Calculate n(-19).
-10
Let w(y) = -y**2 - 2*y - 3. Determine w(3).
-18
Let q(u) = 2128*u - 23. Determine q(0).
-23
Let d(m) = -m**3 + 37*m**2 - 10*m + 333. Determine d(37).
-37
Let i(p) = p**3 + 12*p**2 - 31*p - 9. Calculate i(-13).
225
Let r(l) = 5*l**2 + 87*l + 117. Calculate r(-16).
5
Let z(m) = m**3 + 7*m**2 + m - 24. Calculate z(-5).
21
Let m(g) = g**2 + 781*g - 9515. What is m(12)?
1
Let d(u) = -3*u**2 - 28*u + 593. Calculate d(-19).
42
Let u(m) = 6716*m + 33583. Calculate u(-5).
3
Let q(c) = -c**3 - 31*c**2 - 222*c + 117. What is q(-19)?
3
Let g(f) = -7437*f - 148734. Give g(-20).
6
Let l(f) = 124*f + 1111. Determine l(-8).
119
Let o(n) = -10*n**3 + 88*n**2 + 40*n - 196. Calculate o(9).
2
Let y(a) = 3*a**2 - 93*a + 703. Calculate y(17).
-11
Let w(x) = 10*x**2 - 27*x - 6. What is w(-1)?
31
Let q(p) = 4*p**3 - 17*p**2 + 22*p - 3. Give q(2).
5
Let n(y) = -15*y**2 - 148*y - 2. Determine n(-5).
363
Let x(u) = -6*u**3 - 42*u**2 + 40*u - 72. Determine x(-8).
-8
Let g(h) = -h**2 - 3*h + 19. What is g(2)?
9
Let d(p) = p**3 + 16*p**2 - 136*p + 2. Determine d(6).
-22
Let f(h) = -209*h - 2035. Determine f(-10).
55
Let a(b) = 2*b**3 - 3*b**2 + 5*b - 6. Give a(2).
8
Let p(m) = -6*m**3 - 2695*m**2 + 2699*m - 4. Give p(1).
-6
Let w(c) = c**2 + 15*c + 52. Give w(-15).
52
Let o(d) = -4*d**3 - 35*d**2 - 35*d - 31. Give o(-8).
57
Let s(x) = 41*x + 952. Determine s(-30).
-278
Let y(r) = 727*r + 1. Give y(0).
1
Let s(i) = -60*i**2 - 423*i - 16. Calculate s(-7).
5
Let m(u) = -u**3 - 7*u**2 - 62*u - 344. Calculate m(-8).
216
Let p(z) = -z**3 - 39*z**2 + 73*z + 2884. Give p(-39).
37
Let y(n) = -n**2 + 15*n + 12. Calculate y(9).
66
Let q(z) = z**2 + 21*z - 86. Give q(-27).
76
Let p(c) = 99*c - 822. What is p(8)?
-30
Let x(i) = 3*i**2 + 1517*i + 3031. Calculate x(-2).
9
Let b(w) = -6*w - 314. Calculate b(-57).
28
Let d(l) = -l**2 + 13*l - 121. Calculate d(5).
-81
Let o(v) = -98*v**2 + 582*v + 38. Calculate o(6).
2
Let b(u) = 6407*u + 6423. Calculate b(-1).
16
Let g(a) = -126*a + 862. Calculate g(7).
-20
Let k(h) = h**3 + 111*h**2 + 522*h - 853. Determine k(-106).
-5
Let k(i) = -i**3 + i**2 + 24*i - 151. Give k(5).
-131
Let q(r) = -2*r**2 + 108*r - 1199. Determine q(17).
59
Let k(y) = -y**2 - 166*y - 3603. Determine k(-29).
370
Let o(s) = 5*s + 220. What is o(-21)?
115
Let f(h) = 2*h**2 + 30*h + 153. Calculate f(-14).
125
Let v(h) = -155*h + 811. What is v(5)?
36
Let a(d) = -21*d**2 + 197*d - 74. Determine a(9).
-2
Let s(k) = k**3 + 6*k**2 - 116*k - 533. Calcu